3 + i**2 - 1. Let q = 204 + -390. Let s = -187 - q. Determine m(s).
-5
Suppose -5*g - 189 = 5*f - 649, 15 = 5*f. Suppose 11*w - 7*w = -j + 66, -5*w + 2*j = -g. Suppose -4*m + w - 13 = 0. Let z(x) = 4*x + 1. Calculate z(m).
5
Let o(g) be the second derivative of -g**4/6 - 3*g**3 - 3*g**2/2 + 3*g - 949. Calculate o(-9).
-3
Let q be 4/4 + (1 - -2). Suppose 0 = h + q*h - 40. Suppose 8 = r + 3*l - h, -4*l = -4*r + 16. Let t(u) = u**2 - 8*u + 7. What is t(r)?
0
Let o be ((-2)/3)/(10/210)*-13. Let t = 181 - o. Let y(c) = -11*c**3 - c. Determine y(t).
12
Let o(j) = -10*j + 1410 + 5*j - 1396. Give o(2).
4
Let z(d) = -d**3 - 9*d**2 + 11*d - 2. Let n(h) = -h**2 - h - 1. Let l = -98 + 97. Let b(g) = l*n(g) - z(g). Calculate b(-11).
-8
Suppose -36 = -5*u + 4*r, -3*r = 4*u - 4 - 0. Suppose 6*z = u*z. Let l(c) = 7*c + 615*c**2 + 2 + z - 614*c**2. Give l(-7).
2
Suppose -4*q = -5*b + 50, q = -6*b + b + 25. Let u = b - 11. Let g(h) be the first derivative of h**2/2 + 7*h + 10237. What is g(u)?
2
Let t(l) be the first derivative of -4*l**3/3 - 5*l**2/2 - l + 6521. What is t(-4)?
-45
Suppose 4*y + 28*w - 1221 = 33*w, 1176 = 4*y + 4*w. Let p = y + -293. Let f(n) = 2*n**2 - 7*n - 6. Calculate f(p).
24
Let s = 356 + 50. Suppose 411*y = s*y. Let t(q) = -q**3 + q**2 + q + 2. Calculate t(y).
2
Suppose -1 = 4*w - 3*r, 9*r + 3 = -2*w + 8*r. Let y(i) be the first derivative of -i**2/2 - i - 61. Calculate y(w).
0
Suppose 19*u = 18*u + 1. Let t(y) = -47*y**3 + y - 6*y**2 + 46*y**3 + 5*y**2 - u. Determine t(-3).
14
Let f be 2/(-1) - (2 + -2). Let k be 45/(0 - -5) - 6. Let h(q) = 3*q**3 + k*q + 17 + 4*q**2 + 19 - 35. What is h(f)?
-13
Let p be 18/153 - (-20430)/34. Let i(g) = 2*g**3 + 11 + 3*g - p*g**2 + 598*g**2 - 13. Let h(s) = s - 3. Let k be h(5). Determine i(k).
8
Let y = -396 - -399. Let p(z) = -z. Let s be p(-2). Let v(w) = 0 + 0 + 6*w**s - 5*w**2. Give v(y).
9
Suppose 0 = -0*n + 2*n + 14. Let d(l) = -81*l + 35. Let p(r) = 476*r - 206. Let v(x) = 47*d(x) + 8*p(x). Give v(n).
-10
Let w(k) = -k**2 + 12*k + 13. Suppose 34*o + 7*o = 574. Calculate w(o).
-15
Let v(o) = o - 6 + 5 + 0 + 0*o. Let m be v(5). Let a(z) = m*z - 4*z - 6 + 2*z. What is a(5)?
4
Let l be 692/8 + 5/10. Let c(b) = b**3 + l + 5*b**2 - 2*b - 88 - 5*b. Suppose -12*s = 62 + 10. Calculate c(s).
5
Let i(d) = d**2 - 10*d + 13. Let l be i(6). Let p(s) = -s**2 - 5*s + 59. Let o be p(l). Let z(k) = k + 15. Determine z(o).
8
Let n(l) = l**3 - 8*l**2 - 2. Let i = 185 - 187. Let q(j) = -2*j**3 + 4*j. Let v be q(i). Give n(v).
-2
Let n be 8 - (1 - -5) - -4. Let b be ((-1)/2)/(2/(-12)). Let h(v) = -n*v - b + 3*v + 4*v. Determine h(3).
0
Let k(u) be the second derivative of -3*u - 3/2*u**2 + 84 + 1/6*u**3. What is k(-9)?
-12
Let y(g) = 12*g + 11. Suppose 0 = -20*u + 20 - 40 - 100. Determine y(u).
-61
Let f(l) be the second derivative of -l**5/20 - l**4 - 2*l**3 - 5*l**2/2 - 2*l. Suppose -998 = -26*j - 1284. Calculate f(j).
6
Let x(m) be the third derivative of 7*m**6/120 - m**5/30 + 5*m**4/12 + 5*m**3/3 - m**2 - 21*m - 12. What is x(-1)?
-9
Let v = 254 - 252. Let z(w) = 319*w**2 - 163*w**2 + 4*w - 158*w**v + 8. Give z(6).
-40
Suppose -5*h = -x - 27, 5*h + x - 33 = 5*x. Let m(o) = -4*o - 304*o**2 + 150*o**2 + 155*o**2 - 5. What is m(h)?
0
Let g(d) = -3*d**2 + 19*d + 46. Let y(i) = -i**2 + i + 1. Let v(q) = g(q) - 4*y(q). Let l be v(-11). Let m(f) = 2*f**2 + 4*f + 5. Give m(l).
5
Let s(o) be the third derivative of -o**5/60 + 7*o**4/24 + 5*o**3/6 + 28*o**2 - 2. Suppose 6*g = 175 - 133. Calculate s(g).
5
Let h(a) = -2*a - 6. Let j = -1586 + 1586. Let n be 64/(-40) + (-6)/(-10). Let c be (j + n)/(8/32). Give h(c).
2
Let z(q) = q**3 + 15*q**2 + q - 11. Suppose -56*c + 14977 + 16943 = 0. Suppose 21*f - 59*f = c. Determine z(f).
-26
Let m = 4 + -11. Suppose 0 = -9*b - 519 + 3534. Let u(w) = 7*w + 332 - 8*w - b. What is u(m)?
4
Let h(f) = 136 + 4*f - 132 + 492*f**2 - 2*f - 489*f**2 + 7*f + f**3. Determine h(-4).
-48
Let p be -3 - (10 + (-18)/(-8)*-4). Let y(s) = s**3 + 7*s**2 + 11*s - 3. Give y(p).
1
Let v(c) be the third derivative of -c**5/60 + c**4/12 - 2*c**3/3 + c**2. Suppose -335 = 28*i - 251. Determine v(i).
-19
Let i(u) = 38*u - 108. Let f(j) = -3*j**3 + 9*j**2 + 41*j - 120. Let w be f(3). What is i(w)?
6
Let j be (-250)/(-70) - ((-4)/8)/(7/6). Let v(i) = -i - 2 + 5*i + 0. Give v(j).
14
Let o = 5263 + -5269. Let f(b) be the third derivative of -b**6/120 - 7*b**5/60 - b**4/3 - 4*b**3/3 + b**2. Give f(o).
4
Let j(q) be the second derivative of -q**5/20 - q**4/12 - q**3/2 - 2*q**2 - 5912*q. Give j(-3).
23
Let c(y) = -13*y**2 - 30*y - 1. Let z(l) = 10*l**2 + 27*l + 1. Let v(o) = 4*c(o) + 5*z(o). What is v(7)?
8
Let g(c) = -9*c - 3. Let l be g(-5). Suppose 196*a + l = 203*a. Let r(s) = 5*s + 3. Determine r(a).
33
Suppose 3*w + 6 + 9 = -4*u, 4*u = -w + 11. Let q(k) = k**3 + 14*k**2 + 5*k - 8. What is q(w)?
96
Suppose -8 = -p + 8. Let n be (-10)/(-8) + 12/p. Suppose 4*h - 2*t = n*t + 8, -4*t + 4 = 0. Let l(j) = j**3 - 3*j**2 + 4*j - 2. Calculate l(h).
10
Let v(w) = w**3 + 2*w**2 + 4*w - 1. Suppose -13*z + 107 - 175 + 133 = 0. What is v(z)?
194
Let b(o) be the third derivative of o**5/120 + o**4/24 - 26*o**3/3 - o**2 - 3*o. Let r(f) be the first derivative of b(f). Determine r(-4).
-3
Suppose -3*n + b - 15 + 34 = 0, -3*n + 23 = -5*b. Let o(z) = z + n*z**3 + 1 - 5*z**3 + 0*z - 2*z - z**2. Give o(2).
3
Let b(x) = -955*x**2 + 473*x**2 + 9 + 0*x + 481*x**2 + 12*x - 3*x. Calculate b(0).
9
Let q(d) = 3*d**3 + d. Suppose -7 = 2*x - 9, 2*m = 4*x - 4. Suppose -4*w + 11 + 5 = m. Suppose 5*p = -2*n - 7, 7 = -2*p - w*n - n. Give q(p).
-4
Let p(m) = m**2 - 2*m - 1. Let x(v) = v**2 - v - 5. Let t be x(10). Let q = -32 + t. Let l = 51 - q. Calculate p(l).
7
Let c(l) = 3503*l - l**2 - 1748*l - 54 - 1757*l + 2*l**2. Determine c(9).
9
Let i be (-1)/((-14)/(-1 + -69)). Let x(l) = -l**3 - 9*l**2 - 10*l - 24. Give x(i).
-74
Let y(n) be the second derivative of -n**8/6720 - n**7/630 - n**6/240 - 19*n**4/3 - 7*n + 2. Let p(h) be the third derivative of y(h). Calculate p(-3).
0
Let i(l) = -l**2 - 8*l + 7. Let r be i(-8). Let b(t) = -t**2 - r*t + 3 - 3*t**2 + 5*t**2. Suppose 2*p - 5 = -a, 4*p + 5*a - 25 = 6*a. Determine b(p).
-7
Let z(b) = 2*b**2 - 2*b - 1. Let k be -366*(-4)/6 + -4. Let t be 5 + (11 + -1 - 5). Suppose -t = 235*u - k*u. What is z(u)?
3
Let n(j) be the third derivative of -j**5/60 - 9*j**4/4 - 53*j**3/6 - 257*j**2. Let f be n(-53). Let g(s) = s**3 - s**2 - s + 26. What is g(f)?
26
Let z(i) = 6*i**3 + 3*i**2 + 2 - 1 + 15*i**2 + 5*i**3 + i - 17*i**2. Determine z(-1).
-10
Let z be 0 - (-6)/(-3 + 1). Let f(v) be the first derivative of -v**3/3 - 5*v**2/2 + 2*v + 1173. What is f(z)?
8
Let z(y) = -9*y**3 + 21*y**2 - 33*y + 85. Let l(k) = -5*k**3 + 11*k**2 - 17*k + 44. Let w(x) = -5*l(x) + 3*z(x). Give w(4).
-21
Suppose -g = -4*v - 37, 3*g - 4*v = 154 - 11. Suppose -14*u + 109 - g = 0. Let c(d) = d**2 + 2. Calculate c(u).
18
Suppose 5*w - 16 - 36 = -4*d, 3*d + 5*w - 44 = 0. Suppose 2*n + 30 = d. Let y(s) = -s**3 - 10*s**2 + 12*s + 9. Give y(n).
-2
Let w(m) = -m**2 - m. Let d(a) = -3*a**2 + 3*a + 9*a + 6*a**2 - 4 - 2*a**2. Let g(t) = d(t) + 3*w(t). Let z be (-170)/(-1105) + (-152)/(-26). What is g(z)?
-22
Let y(z) be the second derivative of z**5/20 + z**3/3 - z**2/2 - 2*z. Let q(f) = -48583 - 19*f - 2*f**2 + 48511 + f**2. Let h be q(-5). Calculate y(h).
-13
Suppose n + 1 - 5 = 0. Let y(v) = v + n + 8 - 4. Let w be (-1 - (2821/(-65))/(-7)) + 1/5. Determine y(w).
1
Let k(d) = 4*d**3 + 6428 - 7*d**2 - 2*d**3 + 6*d + 10*d**3 + 6387 - 12816. Give k(1).
10
Let i = 17 - 15. Let j(r) = -r**2 + i*r**2 + 2 - 4*r + 3*r - 3*r - 2*r. Suppose x - 7 = -2. Give j(x).
-3
Let i = -21 + 27. Let d be (i + -5)/((-4)/72*-6). Let f(t) = -2*t**2 + 0*t**2 + 5*t**2 - t**3 + 3*t - 4. Give f(d).
5
Let s(o) be the first derivative of -7*o**2/2 + o - 28. Let f(c) = 10*c - 2. Let q(w) = -2*f(w) - 3*s(w). Let u = 18 - 13. Give q(u).
6
Let z(x) be the third derivative of -7*x**5/12 - 70*x**2. Calculate z(-1).
-35
Let f be (10/(-15))/(2/(-3)). Suppose -2*b + 6 = 2. Let h(w) = -13*w**3 - w**b + 3*w**3 - 2*w + 5*w**3 - f. Give h(-1).
5
Suppose 3*p - 5*k = -5, -6*p - 7*k - 9 = -7*p. Let x(f) = f**2 + 4*f - 8. Calculate x(p).
-3
Let s(w) = w**2 - 17*w + 50. Let p be s(14). L